e the remainder when 1885 is divided by 126.
121
Calculate the remainder when 8553 is divided by 7.
6
What is the remainder when 1448 is divided by 63?
62
Calculate the remainder when 108 is divided by 10.
8
Calculate the remainder when 28 is divided by 10.
8
What is the remainder when 55 is divided by 36?
19
What is the remainder when 268 is divided by 79?
31
Calculate the remainder when 514 is divided by 158.
40
Calculate the remainder when 213 is divided by 37.
28
Calculate the remainder when 410 is divided by 2.
0
What is the remainder when 335 is divided by 98?
41
Calculate the remainder when 697 is divided by 138.
7
What is the remainder when 2261 is divided by 27?
20
Calculate the remainder when 6273 is divided by 25.
23
What is the remainder when 342 is divided by 108?
18
What is the remainder when 2395 is divided by 51?
49
Calculate the remainder when 2563 is divided by 17.
13
Calculate the remainder when 312 is divided by 29.
22
What is the remainder when 2191 is divided by 43?
41
What is the remainder when 2088 is divided by 38?
36
What is the remainder when 1150 is divided by 33?
28
Calculate the remainder when 675 is divided by 10.
5
Calculate the remainder when 124 is divided by 26.
20
What is the remainder when 50 is divided by 5?
0
What is the remainder when 32 is divided by 19?
13
What is the remainder when 317 is divided by 20?
17
Calculate the remainder when 132 is divided by 68.
64
Calculate the remainder when 230 is divided by 11.
10
Calculate the remainder when 3555 is divided by 74.
3
What is the remainder when 1483 is divided by 642?
199
What is the remainder when 399 is divided by 84?
63
Calculate the remainder when 115 is divided by 10.
5
What is the remainder when 155 is divided by 7?
1
Calculate the remainder when 1734 is divided by 36.
6
What is the remainder when 145 is divided by 16?
1
Calculate the remainder when 2171 is divided by 41.
39
Calculate the remainder when 3607 is divided by 82.
81
Calculate the remainder when 762 is divided by 4.
2
Calculate the remainder when 28 is divided by 10.
8
What is the remainder when 2297 is divided by 128?
121
What is the remainder when 2512 is divided by 499?
17
Calculate the remainder when 164 is divided by 56.
52
Calculate the remainder when 529 is divided by 264.
1
What is the remainder when 1491 is divided by 9?
6
Calculate the remainder when 6488 is divided by 7.
6
Calculate the remainder when 519 is divided by 230.
59
What is the remainder when 532 is divided by 178?
176
What is the remainder when 662 is divided by 97?
80
Calculate the remainder when 84 is divided by 13.
6
Calculate the remainder when 561 is divided by 182.
15
Calculate the remainder when 6228 is divided by 67.
64
What is the remainder when 71 is divided by 31?
9
Calculate the remainder when 1537 is divided by 20.
17
Calculate the remainder when 143 is divided by 38.
29
What is the remainder when 802 is divided by 18?
10
What is the remainder when 897 is divided by 9?
6
Calculate the remainder when 500 is divided by 14.
10
Calculate the remainder when 237 is divided by 22.
17
Calculate the remainder when 200 is divided by 21.
11
Calculate the remainder when 1741 is divided by 26.
25
What is the remainder when 2432 is divided by 1210?
12
Calculate the remainder when 499 is divided by 49.
9
Calculate the remainder when 931 is divided by 135.
121
Calculate the remainder when 2374 is divided by 216.
214
What is the remainder when 268 is divided by 17?
13
Calculate the remainder when 323 is divided by 66.
59
Calculate the remainder when 3699 is divided by 5.
4
Calculate the remainder when 119 is divided by 20.
19
What is the remainder when 7 is divided by 1?
0
Calculate the remainder when 11663 is divided by 12.
11
What is the remainder when 514 is divided by 86?
84
Calculate the remainder when 7985 is divided by 7.
5
What is the remainder when 887 is divided by 273?
68
What is the remainder when 215 is divided by 36?
35
Calculate the remainder when 2782 is divided by 29.
27
Calculate the remainder when 1758 is divided by 32.
30
What is the remainder when 753 is divided by 27?
24
Calculate the remainder when 998 is divided by 11.
8
What is the remainder when 186 is divided by 47?
45
Calculate the remainder when 13156 is divided by 86.
84
Calculate the remainder when 2617 is divided by 22.
21
Calculate the remainder when 659 is divided by 652.
7
What is the remainder when 47828 is divided by 149?
148
Calculate the remainder when 2057 is divided by 38.
5
What is the remainder when 248 is divided by 25?
23
What is the remainder when 513 is divided by 93?
48
What is the remainder when 154 is divided by 19?
2
Calculate the remainder when 346 is divided by 122.
102
What is the remainder when 404 is divided by 81?
80
Calculate the remainder when 899 is divided by 101.
91
Calculate the remainder when 401 is divided by 29.
24
Calculate the remainder when 661 is divided by 5.
1
Calculate the remainder when 64 is divided by 28.
8
Calculate the remainder when 86 is divided by 46.
40
What is the remainder when 1246 is divided by 26?
24
What is the remainder when 328 is divided by 80?
8
Calculate the remainder when 1062 is divided by 28.
26
Calculate the remainder when 187 is divided by 21.
19
Calculate the remainder when 2463 is divided by 189.
6
What is the remainder when 230 is divided by 17?
9
What is the remainder when 1391 is divided by 48?
47
Calculate the remainder when 236 is divided by 42.
26
What is the remainder when 385 is divided by 187?
11
Calculate the remainder when 252 is divided by 52.
44
Calculate the remainder when 883 is divided by 52.
51
Calculate the remainder when 2885 is divided by 59.
53
Calculate the remainder when 40 is divided by 15.
10
What is the remainder when 71 is divided by 41?
30
Calculate the remainder when 643 is divided by 38.
35
What is the remainder when 1765 is divided by 199?
173
Calculate the remainder when 141 is divided by 71.
70
Calculate the remainder when 44516 is divided by 168.
164
Calculate the remainder when 831 is divided by 263.
42
What is the remainder when 1556 is divided by 52?
48
Calculate the remainder when 373 is divided by 193.
180
What is the remainder when 1264 is divided by 6?
4
Calculate the remainder when 38 is divided by 31.
7
Calculate the remainder when 140 is divided by 37.
29
Calculate the remainder when 26503 is divided by 171.
169
What is the remainder when 125 is divided by 96?
29
What is the remainder when 140 is divided by 59?
22
What is the remainder when 85516 is divided by 19?
16
What is the remainder when 6417 is divided by 107?
104
Calculate the remainder when 16691 is divided by 33.
26
Calculate the remainder when 194 is divided by 79.
36
Calculate the remainder when 321 is divided by 59.
26
Calculate the remainder when 4695 is divided by 98.
89
What is the remainder when 53 is divided by 7?
4
Calculate the remainder when 1547 is divided by 11.
7
What is the remainder when 20 is divided by 5?
0
Calculate the remainder when 36 is divided by 3.
0
What is the remainder when 1174 is divided by 42?
40
What is the remainder when 7198 is divided by 48?
46
What is the remainder when 9257 is divided by 20?
17
Calculate the remainder when 470 is divided by 41.
19
What is the remainder when 482 is divided by 151?
29
What is the remainder when 3704 is divided by 34?
32
Calculate the remainder when 1422 is divided by 486.
450
Calculate the remainder when 1952 is divided by 115.
112
Calculate the remainder when 21619 is divided by 235.
234
What is the remainder when 1277 is divided by 5?
2
Calculate the remainder when 27 is divided by 6.
3
What is the remainder when 755 is divided by 20?
15
Calculate the remainder when 436 is divided by 55.
51
Calculate the remainder when 65 is divided by 16.
1
Calculate the remainder when 882 is divided by 46.
8
What is the remainder when 1710 is divided by 832?
46
Calculate the remainder when 3 is divided by 3.
0
What is the remainder when 836 is divided by 72?
44
What is the remainder when 221 is divided by 16?
13
What is the remainder when 202 is divided by 73?
56
Calculate the remainder when 81224 is divided by 45.
44
Calculate the remainder when 3536 is divided by 58.
56
What is the remainder when 390 is d